
8
What is the thousands digit of 54429?
4
What is the hundreds digit of 784?
7
What is the hundreds digit of 3201?
2
What is the thousands digit of 6359?
6
What is the hundreds digit of 298?
2
What is the units digit of 42977?
7
What is the hundreds digit of 5176?
1
What is the hundreds digit of 163?
1
What is the hundreds digit of 893?
8
What is the units digit of 120?
0
What is the hundred thousands digit of 115547?
1
What is the tens digit of 71946?
4
What is the thousands digit of 1998?
1
What is the tens digit of 221?
2
What is the units digit of 876?
6
What is the tens digit of 9114?
1
What is the hundred thousands digit of 181314?
1
What is the units digit of 1611?
1
What is the hundreds digit of 29115?
1
What is the tens digit of 6522?
2
What is the thousands digit of 7039?
7
What is the ten thousands digit of 19347?
1
What is the ten thousands digit of 18881?
1
What is the units digit of 3315?
5
What is the hundreds digit of 1310?
3
What is the thousands digit of 19031?
9
What is the hundreds digit of 2699?
6
What is the ten thousands digit of 103513?
0
What is the tens digit of 178?
7
What is the units digit of 610?
0
What is the tens digit of 1223?
2
What is the thousands digit of 1906?
1
What is the units digit of 5566?
6
What is the ten thousands digit of 45685?
4
What is the hundreds digit of 2209?
2
What is the hundreds digit of 2086?
0
What is the thousands digit of 7068?
7
What is the hundreds digit of 205453?
4
What is the thousands digit of 10071?
0
What is the tens digit of 2932?
3
What is the hundreds digit of 1755?
7
What is the ten thousands digit of 28504?
2
What is the units digit of 1128?
8
What is the hundred thousands digit of 151754?
1
What is the thousands digit of 2840?
2
What is the tens digit of 3529?
2
What is the tens digit of 45782?
8
What is the hundreds digit of 11606?
6
What is the ten thousands digit of 22288?
2
What is the tens digit of 83484?
8
What is the tens digit of 146?
4
What is the thousands digit of 25592?
5
What is the tens digit of 24704?
0
What is the units digit of 61307?
7
What is the units digit of 57973?
3
What is the units digit of 2036?
6
What is the hundreds digit of 989?
9
What is the units digit of 6263?
3
What is the ten thousands digit of 37007?
3
What is the hundreds digit of 5490?
4
What is the units digit of 11349?
9
What is the tens digit of 8442?
4
What is the units digit of 8243?
3
What is the tens digit of 12325?
2
What is the units digit of 91082?
2
What is the thousands digit of 1755?
1
What is the units digit of 20753?
3
What is the units digit of 11178?
8
What is the thousands digit of 9200?
9
What is the tens digit of 7678?
7
What is the thousands digit of 8431?
8
What is the units digit of 13405?
5
What is the hundreds digit of 11446?
4
What is the units digit of 8779?
9
What is the hundreds digit of 3629?
6
What is the tens digit of 7344?
4
What is the tens digit of 2205?
0
What is the units digit of 7073?
3
What is the hundreds digit of 436?
4
What is the tens digit of 2863?
6
What is the tens digit of 1551?
5
What is the tens digit of 3756?
5
What is the hundreds digit of 164?
1
What is the thousands digit of 15189?
5
What is the ten thousands digit of 34294?
3
What is the tens digit of 4039?
3
What is the tens digit of 1335?
3
What is the thousands digit of 14918?
4
What is the thousands digit of 107861?
7
What is the tens digit of 12891?
9
What is the thousands digit of 15974?
5
What is the tens digit of 5082?
8
What is the tens digit of 27761?
6
What is the units digit of 9657?
7
What is the hundreds digit of 573?
5
What is the tens digit of 52126?
2
What is the tens digit of 8103?
0
What is the units digit of 1042?
2
What is the units digit of 114?
4
What is the units digit of 37359?
9
What is the hundreds digit of 204?
2
What is the thousands digit of 6872?
6
What is the thousands digit of 3484?
3
What is the hundreds digit of 220?
2
What is the units digit of 3829?
9
What is the thousands digit of 3035?
3
What is the units digit of 1072?
2
What is the units digit of 1392?
2
What is the units digit of 30?
0
What is the thousands digit of 4797?
4
What is the tens digit of 1059?
5
What is the thousands digit of 17436?
7
What is the tens digit of 1569?
6
What is the hundreds digit of 45096?
0
What is the tens digit of 68686?
8
What is the hundreds digit of 4274?
2
What is the tens digit of 899?
9
What is the units digit of 5736?
6
What is the thousands digit of 2687?
2
What is the tens digit of 565?
6
What is the ten thousands digit of 14002?
1
What is the thousands digit of 1723?
1
What is the units digit of 432?
2
What is the hundreds digit of 737?
7
What is the hundreds digit of 3187?
1
What is the units digit of 369?
9
What is the units digit of 8386?
6
What is the units digit of 123050?
0
What is the ten thousands digit of 41549?
4
What is the ten thousands digit of 11352?
1
What is the hundreds digit of 778?
7
What is the tens digit of 2470?
7
What is the units digit of 5809?
9
What is the hundreds digit of 15009?
0
What is the tens digit of 150?
5
What is the hundreds digit of 10737?
7
What is the hundreds digit of 1305?
3
What is the thousands digit of 33773?
3
What is the ten thousands digit of 74866?
7
What is the thousands digit of 20796?
0
What is the units digit of 258?
8
What is the hundred thousands digit of 151905?
1
What is the hundreds digit of 827?
8
What is the units digit of 1071?
1
What is the units digit of 12544?
4
What is the tens digit of 4766?
6
What is the units digit of 428?
8
What is the hundreds digit of 850?
8
What is the hundreds digit of 843?
8
What is the tens digit of 144144?
4
What is the units digit of 26990?
0
What is the thousands digit of 3437?
3
What is the tens digit of 7492?
9
What is the units digit of 3706?
6
What is the thousands digit of 1530?
1
What is the units digit of 13322?
2
What is the tens digit of 7247?
4
What is the hundreds digit of 1872?
8
What is the tens digit of 91687?
8
What is the tens digit of 11043?
4
What is the tens digit of 2677?
7
What is the tens digit of 20634?
3
What is the thousands digit of 30784?
0
What is the hundreds digit of 266?
2
What is the thousands digit of 23031?
3
What is the units digit of 14458?
8
What is the thousands digit of 25785?
5
What is the tens digit of 10583?
8
What is the hundreds digit of 358?
3
What is the tens digit of 21983?
8
What is the tens digit of 2334?
3
What is the ten thousands digit of 19092?
1
What is the units digit of 3673?
3
What is the units digit of 5445?
5
What is the units digit of 6061?
1
What is the units digit of 151457?
7
What is the hundreds digit of 3332?
3
What is the units digit of 85205?
5
What is the units digit of 5259?
9
What is the thousands digit of 1080?
1
What is the hundreds digit of 945?
9
What is the thousands digit of 2149?
2
What is the thousands digit of 3217?
3
What is the hundreds digit of 1303?
3
What is the units digit of 11944?
4
What is the units digit of 1668?
8
What is the thousands digit of 84500?
4
What is the thousands digit of 6761?
6
What is the thousands digit of 18384?
8
What is the tens digit of 69326?
2
What is the tens digit of 22193?
9
What is the tens digit of 1303?
0
What is the hundreds digit of 15988?
9
What is the hundreds digit of 250?
2
What is the tens digit of 720?
2
What is the hundreds digit of 665?
6
What is the hundreds digit of 6309?
3
What is the tens digit of 108547?
4
What is the units digit of 3500?
0
What is the ten thousands digit of 51805?
5
What is the thousands digit of 6265?
6
What is the hundreds digit of 3787?
7
What is the units digit of 659?
9
What is the tens digit of 15258?
5
What is the tens digit of 504?
0
What is the tens digit of 33799?
9
What is the hundreds digit of 8463?
4
What is the hundreds digit of 35148?
1
What is the hundreds digit of 589?
5
What is the ten thousands digit of 36054?
3
What is the hundreds digit of 16857?
8
What is the units digit of 5442?
2
What is the tens digit of 2581?
8
What is the tens digit of 11457?
5
What is the ten thousands digit of 10990?
1
What is the hundreds digit of 41135?
1
What is the units digit of 7920?
0
What is the hundreds digit of 5615?
6
What is the hundred thousands digit of 122548?
1
What is the tens digit of 1027